{"id":6738,"date":"2025-02-11T10:19:01","date_gmt":"2025-02-11T09:19:01","guid":{"rendered":"https:\/\/www.verdon-rosesetaromes.com\/?post_type=product&#038;p=6738"},"modified":"2025-12-15T09:23:28","modified_gmt":"2025-12-15T08:23:28","slug":"coffret-carotte-sauvage","status":"publish","type":"product","link":"https:\/\/www.verdon-rosesetaromes.com\/?product=coffret-carotte-sauvage","title":{"rendered":"Coffret Carotte Sauvage"},"content":{"rendered":"<p><strong>La gracieuse carotte sauvage \u00e9tale ses ombelles blanches dans les paysages les plus anodins. Dans nos montagnes, elle affectionne les champs en friche, les prairies permanentes. Son parfum d\u00e9gage des effluves t\u00e9nues de rose, m\u00eal\u00e9es \u00e0 des touches plus ambr\u00e9es.<\/strong><\/p>\n<p><strong>L&rsquo;huile essentielle et l&rsquo;eau florale sont extraites par entra\u00eenement \u00e0 la vapeur des graines lorsque les ombelles se fanent.<\/strong><\/p>\n<p><strong>Un trio complice \u00e0 offrir aux peaux d\u00e9licates et fragiles :<\/strong><\/p>\n<p><strong>&#8211; le Savon Carotte graines et miel, saponifi\u00e9 \u00e0 froid, il conserve sa glyc\u00e9rine naturelle, un v\u00e9ritable produit de beaut\u00e9 et de soin.<\/strong><\/p>\n<p><strong>&#8211; l&rsquo;Eau Florale de carotte sauvage, r\u00e9g\u00e9n\u00e9rante et tonifiante des peaux irrit\u00e9es et fatigu\u00e9es.<\/strong><\/p>\n<p><strong>&#8211; le fluide Carotte Sauvage, \u00e9mulsion naturelle d\u00e9licate destin\u00e9e aux peaux r\u00e9actives, matures.<\/strong><\/p>\n<p><strong>\u00c0 d\u00e9couvrir ou \u00e0 faire d\u00e9couvrir !<\/strong><\/p>\n<p><strong>\u00c0 prix tout doux, car la beaut\u00e9 n&rsquo;est pas un luxe !<\/strong><\/p>\n","protected":false},"excerpt":{"rendered":"<p><strong>Un cadeau \u00e0 faire ou \u00e0 se faire !!!<\/strong><\/p>\n<p><strong>La Carotte sauvage est un tr\u00e9sor pour la peau.<\/strong><\/p>\n<p><strong>D\u00e9couvrez 3 d\u00e9clinaisons de cette plante merveilleuse : ses propri\u00e9t\u00e9s r\u00e9g\u00e9n\u00e9rantes et r\u00e9paratrices en font l\u2019alli\u00e9e des peaux matures et d\u00e9licates.<\/strong><\/p>\n<p><strong>Ce coffret contient :<\/strong><\/p>\n<p><strong>&#8211; un Savon Carotte graines et miel, 100g en moyenne<\/strong><\/p>\n<p><strong>&#8211; une Eau Florale de Carotte sauvage, en flacon verre avec spray 100 ml<\/strong><\/p>\n<p><strong>&#8211; une cr\u00e8me fluide Carotte Sauvage, en flacon verre avec pompe 30 ml<\/strong><\/p>\n<p><strong>Produits naturels issus de l\u2019agriculture biologique.<\/strong><\/p>\n<div>Exp\u00e9dition par la poste entre 2 et 4 jours.<\/div>\n<div>T\u00e9l\u00e9phone : 06 76 71 95 67<\/div>\n<div>Email : <a class=\"dropdown\" href=\"mailto:verdonrosesetaromes@hotmail.fr\">verdonrosesetaromes@hotmail.fr<\/a><\/div>\n<div>\n<p>Paiement s\u00e9curis\u00e9 par Carte Bancaire ou par ch\u00e8que.<\/p>\n<\/div>\n","protected":false},"featured_media":6827,"comment_status":"open","ping_status":"closed","template":"","meta":{"om_disable_all_campaigns":false,"ocean_post_layout":"","ocean_both_sidebars_style":"","ocean_both_sidebars_content_width":0,"ocean_both_sidebars_sidebars_width":0,"ocean_sidebar":"0","ocean_second_sidebar":"0","ocean_disable_margins":"enable","ocean_add_body_class":"","ocean_shortcode_before_top_bar":"","ocean_shortcode_after_top_bar":"","ocean_shortcode_before_header":"","ocean_shortcode_after_header":"","ocean_has_shortcode":"","ocean_shortcode_after_title":"","ocean_shortcode_before_footer_widgets":"","ocean_shortcode_after_footer_widgets":"","ocean_shortcode_before_footer_bottom":"","ocean_shortcode_after_footer_bottom":"","ocean_display_top_bar":"default","ocean_display_header":"default","ocean_header_style":"","ocean_center_header_left_menu":"0","ocean_custom_header_template":"0","ocean_custom_logo":0,"ocean_custom_retina_logo":0,"ocean_custom_logo_max_width":0,"ocean_custom_logo_tablet_max_width":0,"ocean_custom_logo_mobile_max_width":0,"ocean_custom_logo_max_height":0,"ocean_custom_logo_tablet_max_height":0,"ocean_custom_logo_mobile_max_height":0,"ocean_header_custom_menu":"0","ocean_menu_typo_font_family":"0","ocean_menu_typo_font_subset":"","ocean_menu_typo_font_size":0,"ocean_menu_typo_font_size_tablet":0,"ocean_menu_typo_font_size_mobile":0,"ocean_menu_typo_font_size_unit":"px","ocean_menu_typo_font_weight":"","ocean_menu_typo_font_weight_tablet":"","ocean_menu_typo_font_weight_mobile":"","ocean_menu_typo_transform":"","ocean_menu_typo_transform_tablet":"","ocean_menu_typo_transform_mobile":"","ocean_menu_typo_line_height":0,"ocean_menu_typo_line_height_tablet":0,"ocean_menu_typo_line_height_mobile":0,"ocean_menu_typo_line_height_unit":"","ocean_menu_typo_spacing":0,"ocean_menu_typo_spacing_tablet":0,"ocean_menu_typo_spacing_mobile":0,"ocean_menu_typo_spacing_unit":"","ocean_menu_link_color":"","ocean_menu_link_color_hover":"","ocean_menu_link_color_active":"","ocean_menu_link_background":"","ocean_menu_link_hover_background":"","ocean_menu_link_active_background":"","ocean_menu_social_links_bg":"","ocean_menu_social_hover_links_bg":"","ocean_menu_social_links_color":"","ocean_menu_social_hover_links_color":"","ocean_disable_title":"default","ocean_disable_heading":"default","ocean_post_title":"","ocean_post_subheading":"","ocean_post_title_style":"","ocean_post_title_background_color":"","ocean_post_title_background":0,"ocean_post_title_bg_image_position":"","ocean_post_title_bg_image_attachment":"","ocean_post_title_bg_image_repeat":"","ocean_post_title_bg_image_size":"","ocean_post_title_height":0,"ocean_post_title_bg_overlay":0.5,"ocean_post_title_bg_overlay_color":"","ocean_disable_breadcrumbs":"default","ocean_breadcrumbs_color":"","ocean_breadcrumbs_separator_color":"","ocean_breadcrumbs_links_color":"","ocean_breadcrumbs_links_hover_color":"","ocean_display_footer_widgets":"default","ocean_display_footer_bottom":"default","ocean_custom_footer_template":"0"},"product_brand":[],"product_cat":[356],"product_tag":[],"class_list":{"0":"post-6738","1":"product","2":"type-product","3":"status-publish","4":"has-post-thumbnail","6":"product_cat-les-essentiels-beaute","8":"entry","9":"has-media","11":"first","12":"instock","13":"taxable","14":"shipping-taxable","15":"purchasable","16":"product-type-simple","17":"col","18":"span_1_of_4","19":"owp-content-center","20":"owp-thumbs-layout-horizontal","21":"owp-btn-very-big","22":"owp-tabs-layout-horizontal","23":"has-no-thumbnails"},"_links":{"self":[{"href":"https:\/\/www.verdon-rosesetaromes.com\/index.php?rest_route=\/wp\/v2\/product\/6738","targetHints":{"allow":["GET"]}}],"collection":[{"href":"https:\/\/www.verdon-rosesetaromes.com\/index.php?rest_route=\/wp\/v2\/product"}],"about":[{"href":"https:\/\/www.verdon-rosesetaromes.com\/index.php?rest_route=\/wp\/v2\/types\/product"}],"replies":[{"embeddable":true,"href":"https:\/\/www.verdon-rosesetaromes.com\/index.php?rest_route=%2Fwp%2Fv2%2Fcomments&post=6738"}],"version-history":[{"count":1,"href":"https:\/\/www.verdon-rosesetaromes.com\/index.php?rest_route=\/wp\/v2\/product\/6738\/revisions"}],"predecessor-version":[{"id":7172,"href":"https:\/\/www.verdon-rosesetaromes.com\/index.php?rest_route=\/wp\/v2\/product\/6738\/revisions\/7172"}],"wp:featuredmedia":[{"embeddable":true,"href":"https:\/\/www.verdon-rosesetaromes.com\/index.php?rest_route=\/wp\/v2\/media\/6827"}],"wp:attachment":[{"href":"https:\/\/www.verdon-rosesetaromes.com\/index.php?rest_route=%2Fwp%2Fv2%2Fmedia&parent=6738"}],"wp:term":[{"taxonomy":"product_brand","embeddable":true,"href":"https:\/\/www.verdon-rosesetaromes.com\/index.php?rest_route=%2Fwp%2Fv2%2Fproduct_brand&post=6738"},{"taxonomy":"product_cat","embeddable":true,"href":"https:\/\/www.verdon-rosesetaromes.com\/index.php?rest_route=%2Fwp%2Fv2%2Fproduct_cat&post=6738"},{"taxonomy":"product_tag","embeddable":true,"href":"https:\/\/www.verdon-rosesetaromes.com\/index.php?rest_route=%2Fwp%2Fv2%2Fproduct_tag&post=6738"}],"curies":[{"name":"wp","href":"https:\/\/api.w.org\/{rel}","templated":true}]}}